f c?
5
Suppose -9*c + 6*c + 807 = 0. Suppose -2*s + 4*q = -232, -4*s + 5*q + c + 204 = 0. What is the tens digit of s?
2
Let b be 10*(-8 - -4 - -2). Let t = b - -24. Suppose 5*c = -3*n + 180, -t*c + 348 - 48 = 5*n. What is the tens digit of n?
6
What is the hundreds digit of ((-12)/10)/(75/(-18750))?
3
Suppose 5*s - 8*s - 5*n = -275, 5*n = -8*s + 775. What is the units digit of s?
0
Let u(i) be the first derivative of -i**4/4 + 4*i**3/3 - 7*i - 7. Let p be u(3). Suppose r = -2*l - p, 2*l + 5*r = 3*l - 21. What is the units digit of l?
1
Let k(u) = -u**2 - 12*u + 9. Let r be k(-12). Suppose 0 = 5*f - 3*l - r - 9, -4*f = -5*l - 17. What is the units digit of f?
3
Let g = -3832 + 6200. What is the tens digit of g?
6
Suppose 147 = -4*y - 5*m, 2*m = -3*y + m - 124. Let o = -11 - y. What is the tens digit of o?
3
Let q(s) = -2*s**3 - 4*s**2 + 3*s + 10. What is the hundreds digit of q(-7)?
4
Suppose 6 = -3*o - 3*n, 0*o + 3*o = 2*n + 19. What is the hundreds digit of -1 - ((-615)/3 - o)?
2
Let t(p) = -18*p**2 + 12*p**2 + 8*p**2 + 19*p - 2. What is the units digit of t(-10)?
8
Suppose -3*i + 83 = 74. Suppose -i*c + 512 = z, 255 = 4*c - 2*z - 441. What is the tens digit of c?
7
Let z be 5 - 4 - (-2)/(-2). Suppose z*l = -l + 1. What is the tens digit of l - 10*(-5)/2?
2
Let q be (0 + (-688)/10)/(18/90). What is the tens digit of (3/(-6))/(2/q)?
8
Let q = 13 - 22. Let z be (6/8)/((-5)/20). Let t = z - q. What is the units digit of t?
6
Let c(r) = 3*r - 1. Let v be c(2). Suppose -m + 25 = -5*f, 5*m + v*f = 3*m - 25. Suppose -3*j + 69 = -m. What is the tens digit of j?
2
Let x(j) = j**2 + 2*j - 11. Suppose -14 + 44 = -3*y. What is the tens digit of x(y)?
6
Let h(j) = 56*j + 19. What is the tens digit of h(11)?
3
Let m(s) = 2*s**3 + 61*s**2 - 66*s + 60. What is the thousands digit of m(-31)?
1
Suppose -10 = 45*r - 50*r. Suppose j + r*j = 318. What is the tens digit of j?
0
Let l(i) be the second derivative of -i**5/20 + i**4/3 + 2*i**3/3 + 5*i**2/2 + 11*i. Let v be l(5). Let x = 22 + v. What is the tens digit of x?
2
Suppose -5*o + 2677 = 4*l - 194, -699 = -l + 5*o. What is the units digit of l?
4
Let m = -4841 + 7565. What is the tens digit of m?
2
Suppose 0 = 13*d - 11*d - 178. Let x = d - 62. What is the tens digit of x?
2
What is the thousands digit of (-11)/(110/(-26364)) + 6/10?
2
Suppose 4*g = -3*n + 584, 0*g + 421 = 3*g - 2*n. What is the tens digit of g?
4
Suppose t + h = 192, -4*h + 103 = t - 98. Suppose -33 = 3*j - t. What is the tens digit of j?
5
Let z be ((-40)/(-60))/(4/18). Suppose -2*i = 3*i - 3*r - 302, -2*i + z*r + 119 = 0. What is the tens digit of i?
6
Let l(h) = -4*h**2 - 5 - 3*h**2 - 8*h + 2 + 6*h**2. Let z be l(-7). What is the tens digit of ((-66)/z)/((-6)/16)?
4
Let o(p) = -p**3 + 8*p**2 + 7*p - 12. Let c be 93/13 + 6/(-39). What is the tens digit of o(c)?
8
Let s = 14 + -12. Let u(i) = -3 + s + 4 - 1 + 6*i. What is the units digit of u(4)?
6
Suppose 0 = -6*i - 8 + 1478. What is the hundreds digit of i?
2
Let s = -41 - -36. Let d(w) = w - 1. Let k(z) = -z**3 - 5*z**2 + 2*z - 4. Let o(y) = -4*d(y) + k(y). What is the units digit of o(s)?
0
Let r be 12*2/12*4. Let i be (-2)/r - 85/(-4). Suppose 3*j = c + i, -2 = c - 5. What is the units digit of j?
8
Let c be 4 + (2 - 0) + -4. Suppose 0 = f - c*f + 42. What is the units digit of f?
2
Let w be (-26244)/(-135) + (-6)/(-10). Suppose 2*t - w = -m, t = -4*t - 10. What is the hundreds digit of m?
1
Suppose 0 = 4*g + 5*u - 782, -14*g + 13*g + 4*u + 206 = 0. What is the hundreds digit of g?
1
Let q be 3/6*(3 - -3). Let g(u) = 4 - 4*u - 13 + 27*u. What is the tens digit of g(q)?
6
Let f be 3/(-21) + 3496/(-28). Let m = f + 232. What is the hundreds digit of m?
1
Suppose -3*k + 5*q = -58, -2*k - 3*q = 2*q - 47. Let a = k - -9. Let j = -1 + a. What is the units digit of j?
9
Let k(s) = 7*s**2 + 11*s - 7. Let h(b) = -4*b**2 - 6*b + 3. Let v(d) = 5*h(d) + 3*k(d). Let y be v(-5). Suppose y*g = -0 + 12. What is the units digit of g?
3
Let x(o) = 97*o + 481. What is the tens digit of x(27)?
0
Let k = -1066 - -1529. What is the hundreds digit of k?
4
Let i(q) = 161*q**2 + 5*q + 6. What is the hundreds digit of i(-2)?
6
Suppose 2*a = 5*a - 12. Let s = 2 - a. Let m = 3 - s. What is the units digit of m?
5
Let g be 100/(-15) - (-2)/(-6). Let b = 5 - g. What is the tens digit of b?
1
Let r be (-5)/((-10)/6) + 3. Let g be (-8)/r*180/(-40). Suppose g*h - 3*h = 48. What is the tens digit of h?
1
Let s = -1292 - -2274. What is the units digit of s?
2
Let j be (-12)/24*4*1. Let x be (6 + j)/(3/6). Suppose 4*k - 3*q = -x*q + 35, -2*k + 3*q + 1 = 0. What is the units digit of k?
5
What is the tens digit of (-7545)/(-10) - 9/(-6)?
5
Let q(m) = 19*m**3 + 2*m**2 + 3*m - 6. Let c be q(3). Suppose 0 = -4*x + 2*f - 0*f + 416, -5*x - f = -c. What is the tens digit of x?
0
Let i(j) = 163*j + 129. What is the hundreds digit of i(7)?
2
Let g(h) = -3*h - 10. Let j be g(-5). Suppose 3*k = j*r - r + 421, -3*r - 280 = -2*k. What is the units digit of k?
3
Suppose -11*t + 283 = -135. Let d = -36 + t. What is the units digit of d?
2
Suppose -2*x + 6 = -4. Suppose -256 = x*l + 54. Let r = l + 125. What is the units digit of r?
3
Suppose 84*t = 79*t + 15. Suppose -k = -t*f + 4*k + 160, -5*f + 278 = 3*k. What is the tens digit of f?
5
Suppose 0 = 2*a + 4*n + 10, 10*a + 2*n - 7 = 5*a. Let v(j) = -a*j**2 + 8*j - 2*j**3 - 2*j**2 - 8*j - 5. What is the units digit of v(-4)?
3
Let j(m) = -m**3 + 8*m**2 - 7*m + 3. Let z be j(7). Suppose -z*n + 5*n = 4. Suppose -n*k - 3 = 5*d - 31, k + 5*d = 24. What is the units digit of k?
4
Let z be -1*1 - 117/((-3)/1). Let y(k) = k**3 - k**2 - 3*k + 4. Let m be y(-3). Let b = m + z. What is the units digit of b?
5
What is the units digit of -4479*(-7)/10 - (-162)/(-540)?
5
Let c(a) = 11*a - 15. Let z = -55 - -69. What is the tens digit of c(z)?
3
Let d(y) be the third derivative of y**5/60 - y**4/12 - 3*y**3/2 - 7*y**2. What is the units digit of d(-5)?
6
Suppose -25 = -0*y + 3*y - 2*i, 3*y = i - 20. Let x(j) = 3*j**2 - 9*j - 9. What is the tens digit of x(y)?
1
Let t(f) be the first derivative of -11*f**4/4 - f**3/3 - 2*f**2 - 4*f - 20. What is the units digit of t(-2)?
8
Let g = 71 + -69. Suppose g*n - 5*b - 16 = 0, -4*b - b + 10 = 0. What is the units digit of n?
3
Let o(v) = v**2 - 4. Let p be o(2). Suppose -4*s - 2*u = p, s - 10 = -0*s + 2*u. Suppose -r + 5*x + 72 = 2*r, -r + 25 = -s*x. What is the units digit of r?
9
Let x = -83 - -574. What is the tens digit of x?
9
Let g(m) be the first derivative of m**4/4 - m**3 - m**2 - 2*m + 3. Let k be g(4). What is the tens digit of 95/k - (-6)/36?
1
Suppose -366*c + 906 = -363*c. What is the units digit of c?
2
Let p(t) = 2*t**2 + 5*t + 5. Suppose -36 = 5*j - j. What is the units digit of p(j)?
2
What is the hundreds digit of (-4)/10 - (-72648)/45?
6
Let d(m) = 11*m**3 - m**2 + 12*m - 11. What is the units digit of d(3)?
3
Let b(u) = -32*u + 54. What is the hundreds digit of b(-8)?
3
Let l(z) be the third derivative of 4*z**2 + 1/30*z**5 + 1/24*z**4 + 0*z + 0 + 11/6*z**3. What is the tens digit of l(0)?
1
Let t be (-6)/(3/((-3)/2)). Suppose 2*i - 10 = 0, 0*u = -5*u - t*i + 230. Suppose -5*w + 5*g + 141 + 94 = 0, w + 3*g = u. What is the units digit of w?
6
Let o(g) = -g**2 + 5*g - 4. Let b be o(4). Suppose 2*w + i = -31, b*w + 2*w + 61 = 5*i. Let f = w + 32. What is the units digit of f?
4
Suppose 5*h = 4*y - 1, -4*y + h - 4*h = 39. Let j = 9 + 4. What is the units digit of 1 - 3 - (y - j)?
7
Suppose 22*k = -27*k + 14455. What is the units digit of k?
5
Suppose 4*r - 1214 = 4*d + 122, -2*r + 668 = -3*d. What is the units digit of r?
4
Suppose -2*y + 3178 = -5700. What is the tens digit of y?
3
What is the units digit of ((-1)/(-2))/((-3)/6) + 586?
5
Let v(f) = -f + 19. Let l be v(-8). Suppose 0 = -0*u + u - l. What is the tens digit of u?
2
Let t(z) = -z**2 + 12*z + 2. Let i be t(12). Suppose i*m = 4*m + d - 55, 0 = -4*m - 5*d + 125. Suppose -19*x - m = -24*x. What is the units digit of x?
5
Let t(w) = -w**3 + 6*w**2 + 4*w - 5. Suppose 25 - 8 = 4*p - j, -5*p + 2*j = -19. Suppose p*x = 2*l, -4*l = l - 5*x - 15. What is the units digit of t(l)?
0
Let g(j) = -13*j**3 - 6*j**2 - j - 7. Let n(u) = 11*u**3 + 6*u**2 + 7. Let o(h) = 6*g(h) + 7*n(h). Let t